(1 - (0 + 2))?
-18
What is the value of 0 + (-11 - -8) + 7 + 21 + 6?
31
What is the value of -9 + 25 + (1 - 25)?
-8
What is the value of 36 + 13 + (-53 - -18) + 11?
25
Evaluate -2 + 10 - (3 + (27 - 18) + 3).
-7
What is -212 + 229 + (-16 - -2)?
3
Evaluate 28 + 0 + -24 - (3 - 2).
3
-7 - (-10 + 4 + -3) - (5 - 3)
0
What is the value of -2 + -8 + -3 + (6 - (-2 - -3))?
-8
1 + 3 + (17 - 10) - 9
2
(13 - 2 - 3) + 7 + (-7 - 3)
5
Evaluate -5 + 0 + (2 - (-5 + 1)) + 3.
4
Calculate -4 + 2 + (15 - 19 - (0 - -2)).
-8
-2 + 0 - (3 + -3) - (-26 - 11)
35
What is the value of 0 - (-1 - (1 - -1)) - -10?
13
What is the value of -4 + -1 + 3 + 3 - -5 - 10?
-4
Calculate -12 + 4 + 2 + 24 + 1.
19
Calculate -22 - -39 - (13 + 0).
4
What is -12 + (-20 + 11 - 1) - -4?
-18
What is the value of -32 - (12 - (47 - 21))?
-18
(-9 - -37) + (24 - 58)
-6
Evaluate (-10 - -4) + 96 + -108.
-18
What is the value of (-39 - (-2 - 37)) + -2 + 4 + -9?
-7
What is the value of (167 - 183) + -2 + (4 - 1)?
-15
What is 90 - 89 - (-2 - -3)?
0
What is 0 - -24 - (45 + -18 + -19)?
16
Evaluate 7 + (-3 - -12) - 15.
1
What is the value of -3 - (1 + 1 + 8 - 3)?
-10
What is the value of -144 + 36 + 108 + 14 + 1?
15
18 + (0 - (-1 + 9 - (15 - 12)))
13
What is the value of (14 - 14 - (-1 - -4)) + 7?
4
Calculate 17 + (2 - -5) + -14 + 3.
13
What is 18 - 15 - (-4 + -2 + 5)?
4
Calculate -22 - (-10 + (5 - 7 - (-6 + -1))).
-17
Evaluate 10 - (10 + -14 - -6) - (-2 + -1).
11
Evaluate (-1 + -4 - -5) + -2 - (-15 + 29).
-16
Evaluate -9 - ((14 - 11) + 3 + -6).
-9
Calculate (91 - 23) + -52 + (1 - 44).
-27
What is 13 + 13 + (4 - 4 - 4)?
22
Calculate (240 - 245) + 0 + -1 + (0 - -22).
16
-23 + 17 + (-11 - (1 + -4)) + -7
-21
What is the value of 8 + 15 - 19 - 9?
-5
-11 - -12 - (-24 + 19)
6
Calculate 1441 + -1437 - (18 + 1).
-15
Evaluate (-7 - (-8 - -1 - 4)) + 0.
4
What is 14 + -5 + -5 + 21 - 3?
22
7 - (-1 + (-3 - 9) - 0)
20
What is the value of 8 + (-33 - -21) - (2 - (10 - 2))?
2
Calculate -7 + 1 - 1 - ((-88 - -87) + -15).
9
What is the value of -24 - -7 - (-5 + -10)?
-2
Calculate -17 + 3 + (-1 - -8).
-7
Evaluate 17 + 2 + -25 + (11 - -1) + -23.
-17
Calculate 10 + (-7 - (-13 - -15)).
1
Evaluate -19 + (-2 - -16) + (1 - 0) + 2.
-2
Evaluate 3 + -31 + (20 - (-6 + 18)).
-20
(21 - (-2 - 0)) + (27 - (27 + -10))
33
-8 - (0 + -1 + 0) - (-5134 + 5146)
-19
What is 16 - (40 - (24 + -2))?
-2
What is the value of 11 - 8 - 36 - (-14 - -1)?
-20
Calculate -12 + (-26 + 15 - (-7 + -4)) + -11.
-23
Calculate (-10 - -5) + -5 + 10.
0
What is the value of ((1 - 1) + -45 + 43 - 5) + -22?
-29
(-6 - 0) + 3 + (17 - 29 - -16)
1
-4 - (48 - 17 - (5 + -3))
-33
What is 2 + 4 + (-3 - 8)?
-5
Calculate 39 - 29 - 8 - 4.
-2
(-2 - -13) + (1 - -4 - (1 + 9))
6
Calculate -6 + 19 + -5 + 1 + -16.
-7
What is the value of 0 + -7 + (16 - (-15 - -15 - 8))?
17
Calculate -8 + 8 + -1 + 2 - (2 - 13).
12
What is the value of -2 + 8 + (-9 + (5 - 1) - -2)?
3
What is 42 - (70 + -73 + 44)?
1
Calculate 155 - 148 - (-13 - -2).
18
24 - ((-51 - -35) + 40)
0
What is the value of (11 - (17 - 11)) + -5?
0
(-2 - -26) + (-3 - ((5 - 10) + 1))
25
What is the value of -6 + 2 - ((6 - 1) + (3 - -1))?
-13
What is -7 - (19 + -12 - (7 + -8))?
-15
Evaluate -2 - (-4 + -5 - -3) - (0 - -5).
-1
Calculate (-32 - -43) + -4 + 2 + 0.
9
Evaluate 7 + 6 - (16 + (14 - 7)).
-10
What is the value of 6 - (-9 - -49) - (-7 + -4)?
-23
-7 + 14 + 5 - (11 - 1)
2
Evaluate -94 - -100 - (-7 + 3).
10
What is (4 - (-5 + -3)) + (0 - (4 - 3))?
11
What is -2 + -36 + 38 + (-40 - -7)?
-33
What is 3 + 0 - (4 + -10 + -5) - -12?
26
What is 10 + 3 + -5 + -4 + 9?
13
10 + (4 - 9) + (5 - 19)
-9
What is -13 - (-14 + (0 - 0)) - -3?
4
What is 211 - 209 - (2 - (-1 - (-3 + 1)))?
1
4 + (-27 - -42) + -19
0
-10 + 9 + (22 - 24)
-3
(3 - -3) + 0 + (-21 + 3 - -9)
-3
Calculate -9 + 11 + (8 + -17 - -5).
-2
What is the value of -4 + -2 - (2 - (-5 + -3 + 6))?
-10
What is the value of 1 + (3 + 0 - 1) + -5?
-2
Calculate 4 + -2 + -2 + 4.
4
Calculate -4 - 6 - (-2 + 3).
-11
What is -27 - (-61 + 24) - (-5 - (-11 + -1))?
3
-8 - 6 - (-6 + -11)
3
What is the value of -15 + 21 - (5 + 1)?
0
Calculate (1 - (-15 - -3 - 0)) + (-1 - 2).
10
(26 - 24) + 5 + -3 + 2 + -11
-5
Calculate (9 - 4) + 27 + -31.
1
What is the value of (5 - (2 + 1 + -7 - 11)) + 1?
21
What is 17 - (2 + 0) - 10 - -8?
13
-10 + 0 - (-147 + 135)
2
Evaluate 2 - (6 + 0 - 21) - -5.
22
Calculate 18 - (-6 + 14) - 6 - 14.
-10
Calculate (-31 - 14 - -17) + 21 + -15 + 0.
-22
Evaluate (-377 - -359) + -2 + 39.
19
Calculate -9 + -1 - 10 - -11.
-9
Calculate 1 + 14 + -347 + 319.
-13
-15 + -2 - -22 - (0 - -2)
3
Calculate (63 - 61) + -1 + (-3 - -28) - 7.
19
What is the value of -19 + 7 - (-70 + 95)?
-37
-8 + (2 + -24 - -7) + (-1 - -12)
-12
(16 + 13 - 18) + -27
-16
8 + 10 + (-5 - (4 - -4))
5
What is the value of -2 - (-4 - (7 - 10) - 1)?
0
What is 12 + (-6 - 2) - -1 - (16 + 1)?
-12
Calculate 16 - (8 + -13) - -1 - (5 + 3).
14
What is the value of 104 - 105 - (-2 - (0 + -6 + 0))?
-5
Calculate -41 - (-33 - 31 - -23).
0
What is the value of -54 + (-3 - -30) + 50?
23
Evaluate -4 - (-1 + 16 - (-20 + 22)) - -2.
-15
What is 1 + 5 + 34 + -9 + -54?
-23
Calculate -8 + (-14 + 18 - (4 + (4 - 1))).
-11
Calculate -18 + 8 + (-4 - -5) + 10.
1
What is the value of (13 - 1) + (-716 - -707)?
3
What is the value of -433 + 422 + (3 - 0)?
-8
What is (1657 - 1675) + (-1 - -2) + 0?
-17
What is the value of (20 - (5 + 11)) + 1 + 1?
6
Calculate -19 + (1 + -13 - -19).
-12
What is the value of 14 + (-17 - 6) - 2?
-11
What is the value of 25 - (73 - 25) - -28?
5
What is -35 - -14 - -50 - 38?
-9
What is 19 - -1 - (15 - (5 - 0))?
10
Evaluate -78 - -77 - ((-2 - -4) + 17).
-20
What is 1 + -6 + 5 - (20 - 53)?
33
Calculate -48 + 32 + (0 - -5) - -3 - -6.
-2
What is (-5 - -11) + 15 + -10?
11
(-14 - (48 - 48)) + 3
-11
What is (-95 - -103) + (11 - -1)?
20
What is the value of 3 + 1 + 1 + (47 - 56)?
-4
Calculate -3 + (-1 - 1 - (171 + -184)).
8
What is 7 + 6 - (-16 - -39)?
-10
What is the value of -22 - (-9 - -16 - 27)?
-2
Evaluate 0 + (-3 - 16) - (-128 + 121).
-12
Evaluate 7 + (-3 - (-6 + (7 - -8))).
-5
Evaluate -5 + 43 + -22 + -13.
3
Calculate 19 + (-2 - (6 - 3)) - (-1 - 3).
18
Evaluate -7 + (253 - 249 - (-13 - 2)).
12
What is -7 + (1 - 3 - 2 - -7) + 12?
8
Evaluate -2 + -2 + (-7 - (0 + -6)) + -4.
-9
(18 - 13 - -3) + -8
0
Calculate 106 + -124 - (-3 - 1).
-14
2 + -1 - (-806 + 827)
-20
What is the value of (-1 - (-10 + 8)) + -6 - -12?
7
What is (0 + 5 - 14) + 15?
6
Calculate -4 + 4 - -7 - (-5 + 9).
3
Evaluate -3 + -2 + (9 - 18) + -11.
-25
Calculate 11 - 2 - -18 - 9 - 6.
12
Evaluate -1897 + 1890 - (-11 - -2 - (-1 + 0)).
1
(2 - (7 - 0)) + (11 - (45 - 38))
-1
Evaluate 64 + (0 - 44) - (2 - -28).
-10
What is the value of 5 - 2 - (-6 - 1) - (-83 - -65)?
28
Calculate -6 + 19 + -12 + -8 + 1.
-6
What is -28 + 38 - -28 - 46?
-8
What is the value of 15 + (33 - 16) - (1 + -6 + 11)?
26
Calculate -17 + 37 - (-22 + 26).
16
What is 16 + (-25 - (-22 - -7))?
6
What is the value of -18 - (-41 - (-8 + -3))?
12
Calculate (-21 - 3) + 23 - -9.
8
What is the value of -1 + 16 + -12 - 2?
1
What is the value of -24 + -33 + 30 + 39?
12
4 + 20 + -15 + (26 - -1)
36
Calculate 20 - (88 + -84 + (0 - -6)).
10
(72 - 56 - 27) + (0 - -10)
-1
-15 - (-17 - (-3 + 11))
10
What is -1 + (-4 - -5) + -4 + 8?
4
Evaluate 13 - (19 + -4 + 14).
-16
Evaluate 3 + (-4 - (9 + -4 + 0)).
-6
What is 1 - (1 + 0) - -2 - (33 - 29)?
-2
What is (30 - 62) + (43 - 0)?
11
18 + (-32 + 12 - -13) + (2 - 0)
13
Evaluate 7 + 2 + 2 + 1 + -2 + -6.
4
Calculate (-7 - -8 - 8) + -6 + 5 + -9.
-17
Evaluate (11 - -22 - 5) + -11.
17
9 - -5 - (126 + -95)
-17
What is the value of 3 + (1 - (-4 - (3 + 1 + -5)))?
7
40 - (-19 - -67) - (-1 + 1)
-8
Calculate -28 + -32 + 39 + -6.
-27
((3 - -14) + -13 + 10 - 4) + 2
12
What is the value of 9 - (-18 + 20 + 9)?
-2
Calculate 14 - (-3 + (-7 - -13)).
11
What is -44 + 40 + (-2 - (3 + -7 + 8))?
-10
What is the value of (-2 - (6 - 21) - 12) + -6 + 4?
-1
What is -21 + (2 - (0 - -2)) + (-4 - 2)?
-27
Calculate 26 - 29 - (1 - -14).
-18
What is the value of -7 + (20 - (8 + 3 + 1) - -22)?
23
Evaluate 0 + 14 + (-57 - -8 - -46).
11
(-13 - -4) + (25 - 17)
-1
Evaluate -29 + 18 + (-3 - (-4 - 7 - -4)).
-7
What is -3 - (1 + 1 + (-11 - (0 - 15)))?
-9
6 + (-6 - (3 - (10 - 1)))
6
(10 - 0) + -15 + (1 - -2)
-2
-6 - (-13 +